se 0 = 4*i - 10*h + 13*h + 72, -4*h = -i + 1. List the prime factors of t(i).
3, 5, 29
Suppose -8 = -k - 3*k. Suppose 4*w = -3*z + 157, 0 = 4*w - k*w - 2*z - 82. List the prime factors of w.
2, 5
Suppose -5*b - 4*h = 3226, -15*b - 1280 = -13*b - h. Let m = b - -691. What are the prime factors of m?
7
Let s(x) = 7765*x + 87. List the prime factors of s(3).
2, 3, 433
Let j be -2*(-4)/(-8) + 3. Suppose j*a - 4*z = 34, -a - 46 = -5*a - 3*z. Suppose -a*p - 390 = -18*p. What are the prime factors of p?
2, 3, 13
Let r(u) be the first derivative of -10 + 3*u - 5/2*u**2 + 2*u**3. List the prime factors of r(3).
2, 3, 7
Let u(c) = 37*c**2 - 7. Let d be u(-3). Suppose 4*k - 806 = d. What are the prime factors of k?
283
Let h(x) = -10*x**2 + 4*x - 12. Let z be h(6). List the prime factors of 6/((-2)/(z/9)).
2, 29
Suppose -4*k + 5*k - 14 = 0. Let l(f) = 0 - 4 - f**2 + k*f + 5*f. List the prime factors of l(8).
2, 3, 7
Suppose -15*t - 420 = -3*t. Let n be 5*6*(-18)/10. Let i = t - n. List the prime factors of i.
19
Let r = -114 + 130. Let d be (-166)/(-5) - r/80. Suppose -d = -w - 5*p, -w - 4*p - 69 = -2*w. List the prime factors of w.
53
Let p = 6 - 0. Let r(h) be the second derivative of h**5/10 - 3*h**4/4 + h**3/2 + 5*h**2/2 + 141*h - 3. What are the prime factors of r(p)?
131
Let z be 66/(-15) - (-12)/30. Let n be (-5)/8*z*(-116)/(-2). Suppose 2*g + 3*u = n, u - 3*u + 210 = 3*g. What are the prime factors of g?
2, 17
Suppose -9*t + 1345 = -4*t. Let r = 29 + t. Suppose -12 = -4*m - d + r, -3*d - 162 = -2*m. List the prime factors of m.
2, 3, 13
Suppose 2*n = -2*o - 8, 2*o + 0*o = -10. Let p be 17 - (n - 8) - (0 - 1). List the prime factors of p/(-2)*4/(-5).
2, 5
Let x(c) = -3967*c - 7459. List the prime factors of x(-17).
2, 5, 2999
Suppose 3 = -4*o + 7. Suppose 8 = 3*p - 2*b, -o = -2*p + b - 4*b. Suppose -3*d + 3*c + 186 = 0, p*c = 5*c. List the prime factors of d.
2, 31
Let c = -48068 - -96183. List the prime factors of c.
5, 9623
Suppose -2*j - r + 1296 = 0, 0 = -2*j - 244*r + 247*r + 1272. What are the prime factors of j?
3, 5, 43
Let h(v) = -6182*v - 10. What are the prime factors of h(-4)?
2, 17, 727
What are the prime factors of (3766/4)/((-8)/288*-6)?
3, 7, 269
Let y(g) = g**3 + 4*g**2 - 19*g - 35. Let x be y(-5). What are the prime factors of (-15)/x - (-141480)/105?
3, 449
Suppose 0 = 10*o + 3*o - 78. Suppose -o*k + 2*u = -k - 5231, -3*k + 4*u = -3147. List the prime factors of k.
5, 11, 19
Let k(h) = -3*h**3 - 25*h**2 - 68*h + 49. What are the prime factors of k(-13)?
3299
Let v(w) = -8*w - 28. Let n(u) = 15*u + 57. Let a(o) = -3*n(o) - 5*v(o). Let k be a(-8). What are the prime factors of 531/k + (2 - 6)?
5, 11
Suppose -51*w + 41*w = 1360. Let r = 706 + w. What are the prime factors of r?
2, 3, 5, 19
Let a be 13 + -39 + 16 - -16. Suppose -2*w = -7*w. Suppose w = -a*l + l + 200. What are the prime factors of l?
2, 5
Suppose 12*f + 21 = -3. Let w be (27/(-24)*f)/((-3)/12). Let p(i) = -i**2 - 15*i + 2. List the prime factors of p(w).
2, 7
Suppose -2*c - g = -6, -3*c - 5*g + 9 = -7. Suppose 106 = -2*a - c*j, 7 = -5*a - 3*j - 248. What are the prime factors of (8/a*-148)/(4/6)?
37
Suppose 63338 = -q - y - 2*y, -190014 = 3*q - y. Let n = -37081 - q. List the prime factors of 4/(-18) - n/(-99).
5, 53
Let a(d) = -275*d + 24. Let x be (4 + 28/(-6))/(2/6). What are the prime factors of a(x)?
2, 7, 41
Let l be (-80)/600 - 17456/30. What are the prime factors of (60 - 59)/((-2)/l)?
3, 97
Let t(d) = 156*d + 16. Let f = -139 + 141. List the prime factors of t(f).
2, 41
Suppose 69*g - 73*g = 140. List the prime factors of (g - -36)*1158/1.
2, 3, 193
Let d(t) = -13*t + 51. Let w be d(2). Suppose w*h = -6*h + 14601. What are the prime factors of h?
3, 157
Let q = 8151 + -4751. What are the prime factors of q?
2, 5, 17
Let r be 24 - 394 - 1/(3/(-12)). Let z = 637 + r. What are the prime factors of z?
271
Suppose 4*t + 5*r + 23 = 0, -7*t + 7 = -3*t - 5*r. Let i(k) = -101*k**3 - k**2 + 2*k + 1. What are the prime factors of i(t)?
3, 89
Let q be 5 - (-3 - 332)/1. Let r = q + -27. List the prime factors of r.
313
List the prime factors of (-5)/((-8)/68 - (-16450)/141270).
3, 5, 277
Suppose 7*r + 45 = -3*k + 3*r, 2*k + r = -30. Let h(v) = -30*v + 28. List the prime factors of h(k).
2, 239
List the prime factors of 791384/38 - 8*(-32)/2432.
2, 3, 13, 89
Suppose -16513 - 99371 = -513*g + 509*g. List the prime factors of g.
3, 29, 37
Let q be ((-1)/(-1))/(2/152)*1. List the prime factors of 95907/133 - (0 - (-8)/q).
7, 103
Let w(p) = -1200*p - 333. List the prime factors of w(-4).
3, 1489
Suppose -6*c = 3*i - 5*c + 231, 0 = -5*i - 4*c - 385. What are the prime factors of 1 + (2 - 4 - i - -2)?
2, 3, 13
Let j = 88955 - 38433. List the prime factors of j.
2, 25261
Let m be (3/6 + 5/(-5))*-8. Suppose m*p + 734 = 3*f - 2935, 0 = -3*p. What are the prime factors of f?
1223
Let a be (447/(-6) + 0)*(-2 - 0). Suppose -a*y = -156*y + 1855. List the prime factors of y.
5, 53
Let f = 9576 - 4853. List the prime factors of f.
4723
Let k(p) = 3*p**3 + 5*p**2 - 3*p - 4. Suppose -18*b + 16 = -14*b. Let z be 2/b - (-1)/4*10. List the prime factors of k(z).
113
Let r = 116902 - 69906. What are the prime factors of r?
2, 31, 379
Let h(g) = 30*g**2 - 89*g - 1582. List the prime factors of h(-24).
2, 37, 241
Suppose 2*b - s - 161 = 0, b + 5*s + 259 = 4*b. Let i be (5 - b/12)*20/(-6). Suppose -585 = -7*v + 2*v - i*f, -f = 4*v - 459. What are the prime factors of v?
2, 3, 19
Suppose 5*o = 10, -5*o - 278 = 4*h - 0*o. Let k be (0 + 22)/(3/h*-4). Let y = -82 + k. List the prime factors of y.
2, 5
Let x be 6/16 - (-1616)/128. Suppose -878 = -5*y + 2*u, -5*y - 10*u + x*u = -877. What are the prime factors of y?
2, 11
Let m(k) = -88*k - 22. Let u(w) = -27*w - 7. Let a(p) = 6*m(p) - 19*u(p). Let s = -5 - 0. List the prime factors of a(s).
2, 19
Let s(x) = 392*x - 1063. What are the prime factors of s(12)?
11, 331
Suppose -k = -5 - 4. What are the prime factors of (-6)/k - 641/(-3)?
3, 71
Suppose 2*k + k = -9, -4*g - 4*k + 12 = 0. Suppose 0 = g*s - 23*s + 102. What are the prime factors of (164/s)/(40/300)?
5, 41
Suppose -5*v + 16 = -k - 2, -3*v + 15 = 0. Suppose 9*y - 10 = k*y. Suppose y*g = -2*g + 770. What are the prime factors of g?
2, 5, 11
Suppose -2*x + 6*d + 1 = 3*d, -3*d = -x + 2. List the prime factors of 334 - x - (-3)/18*-6.
2, 167
Let f be (-10)/15*(0 - -3) - -4. Suppose 5*r + 55 = 5*c, 0 = -3*c - f*c - r + 73. What are the prime factors of c?
2, 7
Suppose -5*s + 38 = -107. Suppose -b - s = 3*l, -3*b - l - 47 = -0*b. What are the prime factors of (-2)/b + 207/21?
2, 5
Let f be (-95)/10 - (3/6 - 2). Let s(x) = -31*x + 935 + 0*x - 996. What are the prime factors of s(f)?
11, 17
Suppose -o + 10*o - 18 = 0. Suppose 2*p - 5*z = 2, -3*z + 4*z = -o*p + 14. Suppose p*t - 280 = 2*t. List the prime factors of t.
2, 5, 7
Let p(s) = -18*s + 18. Let m(f) = 63*f + 6*f**2 - 7*f**2 + 31 - 58*f. Let w be m(9). What are the prime factors of p(w)?
2, 3
Let o(n) = 216*n**2 - 49*n + 5. Let v be o(-5). Suppose -2 = -9*h + v. What are the prime factors of h?
2, 157
Suppose -10*y + 117 = 3*y. Let o(l) = -l**3 + 14*l**2 - 6*l - 10. What are the prime factors of o(y)?
11, 31
Let a(j) = 153*j + 4356. List the prime factors of a(36).
2, 3, 137
Let i = 1393 + -1388. Suppose -2*b - 3*m + 7*m = -1612, 0 = 3*m - 12. Suppose -7*l + 810 = -3*l - i*c, 4*l - 3*c = b. What are the prime factors of l?
5, 41
Let n be (4/10)/(2/290). Let h = -118 + 174. Let f = n - h. List the prime factors of f.
2
List the prime factors of ((-1)/7 + (-40323242)/3815)*-5.
41, 1289
Let u = -2520 - -2545. Let j(a) = -19*a - 24*a**2 - 22 + 0*a + a**3 + 3. List the prime factors of j(u).
131
Let c be 1 + -6 - (-46)/2. Suppose -2*h - q + 12 = 2, -2*h - 3*q + c = 0. What are the prime factors of ((-348)/10)/(h/(-10))?
2, 29
Let u(p) be the third derivative of 7*p**5/60 - p**4/24 - 7*p**2. Let t be u(-1). List the prime factors of (1 + (-1220)/t)*8/(-12).
101
Let o be 0*(-2 - -4)/(-2). Suppose o = 7*t - 273 + 56. Suppose f - t + 1 = 4*u, 4*u = 16. List the prime factors of f.
2, 23
Suppose -14*z - 297 = 19*z. Suppose 4*k - 35 = -u, 9*k = 4*k + 4*u + 70. List the prime factors of (36/k - z/(-15)) + 241.
2, 61
Let y = -164 - -162. Suppose 0 = 2*